**2 - 57*s - 401. Determine w(-16).
-1
Let m(w) = 42*w + 10588. Calculate m(-199).
2230
Let z(w) = 989547*w - 6926815. Give z(7).
14
Let d(w) = 2*w**3 + 978*w**2 - 924*w + 27303. Give d(-490).
-137
Let n(z) = 12*z**3 - 88*z**2 + 128*z - 24. Determine n(5).
-84
Let j(t) = -10433*t + 490395. Give j(47).
44
Let l(u) = -131*u**2 + 1194*u + 2390. What is l(-2)?
-522
Let x(u) = -9*u**3 + 77*u**2 - 330*u - 6. Calculate x(7).
-1630
Let d(v) = 21034*v - 357583. What is d(17)?
-5
Let l(t) = 10*t**3 - 5*t**2 + 50*t - 77. Give l(2).
83
Let w(p) = 2*p**3 + 79*p**2 - 1095*p - 156. Calculate w(11).
20
Let i(n) = -n**3 + 527*n**2 - 1164*n + 59865. Calculate i(525).
15
Let u(x) = -30*x**3 + 484*x**2 - 39*x - 281. Determine u(16).
119
Let w(g) = 33*g + 213. Calculate w(-6).
15
Let r(w) = -7313*w - 22018. What is r(-3)?
-79
Let f(l) = -3790*l - 132655. Determine f(-35).
-5
Let y(w) = w**3 + 462*w**2 - 80*w + 13. Give y(0).
13
Let h(z) = 20856*z + 63605. Give h(-3).
1037
Let a(j) = 5*j**2 - 86*j - 376. Give a(19).
-205
Let k(n) = -65*n**3 - 15562*n**2 + 9117*n - 721. What is k(-240)?
-1
Let g(k) = k**2 + 457*k + 26108. Give g(-67).
-22
Let a(f) = -f**2 + 90*f + 571. Give a(89).
660
Let p(q) = 9*q**2 + 64*q + 12. Give p(-17).
1525
Let i(y) = -4*y - 16. Calculate i(-6).
8
Let a(l) = -l**3 + 13*l**2 + 3925*l + 23122. Give a(-6).
256
Let u(q) = 6*q**3 + 1967*q**2 - 2356*q - 17430. Give u(-329).
7
Let l(c) = c**3 - 6*c**2 - 72*c - 250. What is l(-6)?
-250
Let i(j) = -25*j**3 + j**2 + 93*j - 92. What is i(1)?
-23
Let o(y) = -y**3 - 726*y**2 + 2932*y - 187. Determine o(4).
-139
Let m(q) = 2666*q + 354586. Give m(-133).
8
Let s(p) = 4*p**3 - 75*p**2 + 12*p + 1824. Give s(17).
5
Let x(w) = 5*w**3 - 21*w**2 + 567*w - 2923. What is x(6)?
803
Let s(w) = -w**3 - 73*w**2 - 351*w - 16. What is s(-69)?
5159
Let b(m) = 8412*m - 75970. Determine b(9).
-262
Let l(d) = 2*d**3 + 26*d**2 + 14*d + 591. Calculate l(-14).
3
Let m(c) = -65*c**2 - 596*c - 52. Determine m(-3).
1151
Let l(s) = 37232*s - 37173. Determine l(1).
59
Let t(v) = -v**3 - 594*v**2 - 608*v - 8896. What is t(-593)?
-1
Let i(h) = -2*h**2 + 330*h + 445. Determine i(166).
113
Let s(i) = -49041*i + 10445731. What is s(213)?
-2
Let t(x) = -486090*x**2 + 2430454*x - 13. Determine t(5).
7
Let t(v) = 58812*v + 117051. Give t(-2).
-573
Let o(j) = -2*j**3 - 94*j**2 + 415*j + 660. Give o(-51).
303
Let q(u) = -127*u**2 + 5123*u - 11272. Determine q(38).
14
Let l(n) = 2*n**3 - 29*n**2 - 7*n - 446. Determine l(19).
2670
Let b(l) = -43*l**2 - 4264*l - 670. What is b(-99)?
23
Let a(i) = -i**3 - 29*i**2 + 729*i - 507. Give a(-45).
-912
Let u(o) = -124*o + 4414. Determine u(53).
-2158
Let m(a) = -2*a**3 + 101*a**2 + 288*a - 865. Give m(53).
354
Let a(u) = 15130*u + 5098822. What is a(-337)?
12
Let w(y) = 6*y**3 - 186*y**2 - 52*y + 1612. Determine w(31).
0
Let f(r) = -16*r - 1221. What is f(32)?
-1733
Let a(j) = -199*j + 4164. Calculate a(22).
-214
Let d(o) = -11*o**3 - 2056*o**2 + 188*o + 162. Calculate d(-187).
-25
Let f(r) = -250*r - 38812. What is f(-155)?
-62
Let n(q) = -2*q**2 + 4804*q - 19180. Calculate n(4).
4
Let q(x) = -5267*x - 495110. What is q(-94)?
-12
Let f(m) = -m**3 + 196*m**2 + 2496*m + 92. Determine f(208).
92
Let u(o) = 11*o**3 - 22*o**2 + 14*o - 9. Determine u(2).
19
Let x(o) = -o**2 - 893*o + 129540. Calculate x(-1020).
0
Let t(u) = 707211*u + 4243275. What is t(-6)?
9
Let b(m) = -3*m**2 + 23*m + 3806. What is b(-34)?
-444
Let l(d) = 4*d**2 - 121*d + 798. Calculate l(14).
-112
Let a(d) = -20*d**2 + 1795*d + 14072. Determine a(97).
7
Let m(q) = 190*q - 6922. Give m(37).
108
Let w(p) = -2825*p - 73119. Give w(-26).
331
Let x(r) = 74*r - 2085. Give x(31).
209
Let r(c) = -199*c - 3872. What is r(-2)?
-3474
Let s(n) = -13016*n - 143637. What is s(-11)?
-461
Let p(z) = -39*z + 3621. Give p(109).
-630
Let a(c) = 2*c**2 - 5306*c + 2069101. Calculate a(475).
1
Let k(t) = 5111*t - 173693. Calculate k(34).
81
Let j(p) = 42*p + 3905. Give j(-53).
1679
Let x(m) = -19076*m - 7077228. Determine x(-371).
-32
Let r(h) = -h**3 - 15*h**2 + 6782*h + 88496. Determine r(-13).
-8
Let x(f) = f**2 - 241*f - 24359. Determine x(-77).
127
Let k(g) = -2*g**2 + 1830*g + 2078993. Calculate k(-660).
-7
Let y(i) = 624*i - 2205. What is y(4)?
291
Let p(q) = q**2 - 225*q + 117. Determine p(0).
117
Let f(c) = -14*c**3 - 814*c**2 - 121*c - 140. Give f(-58).
150
Let u(s) = 20*s**2 + 156*s - 1369. Calculate u(-13).
-17
Let v(x) = 72*x**2 - 704*x + 1653. Calculate v(4).
-11
Let o(c) = 443*c + 232. What is o(0)?
232
Let x(d) = -64912*d + 778956. Give x(12).
12
Let s(y) = -9*y**3 - 111*y**2 + 367*y + 171. Give s(-15).
66
Let u(f) = f**2 + 51*f + 482. What is u(-12)?
14
Let l(m) = -18*m**2 - 307*m + 226. Calculate l(-18).
-80
Let m(l) = 500584*l + 6507495. What is m(-13)?
-97
Let l(t) = 36483*t + 1204031. Calculate l(-33).
92
Let c(a) = a**3 - 64*a**2 + 282*a - 13737. Calculate c(63).
60
Let r(x) = -98*x + 763. Give r(12).
-413
Let g(i) = -22*i**3 - i**2 - 650*i - 1940. What is g(-3)?
595
Let m(k) = -23*k**3 - 8*k**2 - 6*k + 11. Calculate m(-4).
1379
Let f(w) = -4*w**2 - 356*w + 2104. Give f(-94).
224
Let i(t) = 9*t**3 - 357*t**2 - 122*t - 126. What is i(40)?
-206
Let k(m) = 6*m**3 - 135*m**2 - 579*m + 11735. Determine k(23).
5
Let q(v) = -3137*v + 16012. Determine q(5).
327
Let c(d) = 129*d - 55. Calculate c(-2).
-313
Let r(l) = 3*l + 734. Determine r(-191).
161
Let g(i) = 793191*i + 3172744. Calculate g(-4).
-20
Let u(y) = -94*y - 700. What is u(4)?
-1076
Let f(b) = -3262*b + 53083. What is f(16)?
891
Let x(b) = -283473*b + 1133769. Give x(4).
-123
Let z(v) = -1448*v - 9311. Give z(-6).
-623
Let q(m) = -942*m - 1242504. Determine q(-1319).
-6
Let b(a) = -627*a + 168097. Calculate b(268).
61
Let f(n) = 990*n + 295013. Determine f(-298).
-7
Let y(b) = 220*b**2 + 18*b - 17. Calculate y(1).
221
Let o(s) = -462*s - 57740. Determine o(-125).
10
Let q(n) = 3*n**2 + 3657*n - 100938. Calculate q(27).
-12
Let u(l) = 51546*l + 5876241. Calculate u(-114).
-3
Let h(z) = 140078*z - 1961078. Give h(14).
14
Let m(w) = -19*w + 3248. Give m(171).
-1
Let m(w) = -21*w**2 + 2314*w + 1945. Determine m(111).
58
Let o(q) = q**2 + 202*q - 8170. Give o(-232).
-1210
Let c(s) = 14*s**2 + 4619*s - 23447. What is c(5)?
-2
Let u(g) = 214876*g + 9669425. Calculate u(-45).
5
Let t(o) = 18520*o - 351948. Calculate t(19).
-68
Let y(r) = 3585*r - 83264. Give y(23).
-809
Let k(l) = 4*l**2 - 31*l - 406. Give k(11).
-263
Let q(x) = -221*x + 1792. Calculate q(10).
-418
Let t(z) = 18*z**2 + 727*z + 5521. What is t(-8)?
857
Let t(r) = -183*r + 21539. What is t(117)?
128
Let o(y) = 526*y + 5147. Determine o(-10).
-113
Let i(p) = p**3 + 119*p**2 + 658*p - 25539. Calculate i(-111).
-9
Let f(h) = -8*h**2 + 98*h - 719. Give f(6).
-419
Let y(f) = -327*f + 93. Give y(1).
-234
Let b(a) = 79*a**2 + 1566*a - 292. What is b(-20)?
-12
Let t(m) = -2*m**3 - 23*m**2 + 230*m + 87. What is t(-12)?
-2529
Let q(i) = -11*i**2 + 2890*i + 11586. What is q(-4)?
-150
Let g(h) = -70*h**2 - 108*h + 336. Calculate g(-3).
30
Let l(h) = 3*h**2 - 1976*h + 75960. Determine l(41).
-13
Let s(i) = 47*i + 17033. Calculate s(-363).
-28
Let o(y) = -y**3 - 175*y**2 + 2660*y - 217. Calculate o(14).
-21
Let b(m) = m**3 - 47*m**2 + 361*m - 182. What is b(8)?
210
Let j(c) = -c**3 - 157*c**2 - 1750*c - 27. Calculate j(-12).
93
Let f(a) = 7*a**2 - 2357*a + 9421. What is f(4)?
105
Let o(d) = -d**2 + 115*d - 1659. Determine o(15).
-159
Let s(k) = -1493*k**2 + 4496*k - 60. Give s(3).
-9
Let d(u) = u**3 - 4*u**2 + 1037*u - 8268. Give d(8).
284
Let m(v) = 190*v**2 - 108*v - 222. Calculate m(-2).
754
Let z(m) = -m**3 + 41*m**2 - 42302*m + 1778450. What is z(42)?
2
Let w(f) = f**2 - 146*f + 3841. Calculate w(36).
-119
Let w(p) = 288644*p - 3752368. Calculate w(13).
4
Let z(w) = w**2 + 954*w - 42889. Give z(43).
-18
Let t(b) = 5*b**3 - 22*b**2 + 776*b - 3080. Determine t(4).
-8
Let r(y) = 983*y + 96507. What is r(-98)?
173
Let a(w) = -31*w - 5049. Determine a(-167).
128
Let k(g) = 18*g**2 - 985*g + 700. What is k(54)?
-2
Let z(q) = -304*q**2 + 1178*q + 24. Determine z(4).
-128
Let o(d) = -3*d**3 - 1344*d**2 + 8163*d + 51. What is o(6)?
-3
Let b(s) = -s**2 - 440*s - 43453. Give b(-152).
323
Let i(l) = -1176*l - 279904. What is i(-238)?
-16
Let